 b**2 - 1. What is y(-7)?
4
Let n = 2252 + -2237. Let d(a) = -a**2 + 14*a + 28. Give d(n).
13
Let s(m) = -10*m - 1. Let g(u) = -u**3 + 6*u**2 - 28*u + 81. Let l be g(4). Determine s(l).
-11
Let r(l) = l + 2. Let a(z) be the second derivative of z**3/2 + 5*z**2 - 8*z. Let g be a(-4). Determine r(g).
0
Let m be 24/160*(-3)/(-9). Let j(u) be the second derivative of -5*u + u**2 - m*u**5 - 1/4*u**4 + 1/3*u**3 + 0. Determine j(-3).
-4
Let f(a) = -7*a - 68. Let h(i) = -2*i - 19. Let q(w) = 4*f(w) - 13*h(w). Give q(-9).
-7
Let r be (-200)/(-35) + 6/21. Let q(v) = 2*v + 1. Let x(a) = -5*a - 10. Let g(f) = -3*q(f) - x(f). Calculate g(r).
1
Suppose 15 = -0*s + 3*s. Let u(w) = -w. Let i be 2/16 + (-82)/16. Let b(x) = -x**2 + 13*x - 7. Let y(z) = i*u(z) - b(z). Give y(s).
-8
Let b(m) be the third derivative of m**6/120 + m**5/60 - m**4/24 + m**3/2 + 479*m**2. Let g(q) = q - 8. Let v be g(8). Calculate b(v).
3
Let c(r) be the third derivative of -r**6/720 + 13*r**5/60 - 17*r**4/24 - 22*r**2. Let x(u) be the second derivative of c(u). Calculate x(0).
26
Let j be ((-28)/8)/(18/12 - 1). Let p(b) = -b**2 - 6*b + 7. Give p(j).
0
Let i(b) = b + 7. Let o(a) = -2*a - 22. Let c(l) = 14*i(l) + 5*o(l). Give c(9).
24
Let o = 20 + -18. Let n(q) = -58*q - 53*q - 4 - 5*q**o + q**3 + 117*q. Suppose -3*i - 2 + 7 = 5*s, -2*i - 18 = -2*s. Determine n(s).
4
Let g(s) = -s**3 + 4*s**2 - 5*s + 1. Let w(h) = -3*h**3 + 11*h**2 - 13*h + 1. Let v(u) = -11*g(u) + 4*w(u). Calculate v(0).
-7
Let y be 42/(-49)*42/9. Let h(q) = -q**3 - 3*q**2 + 3*q + 3. What is h(y)?
7
Let f(o) = o**3 - 4*o**2 - 5*o + 3. Let i = 222 + -217. What is f(i)?
3
Let k(j) = -j**2 + 5*j - 6. Suppose -4*t + 12 = -12. Give k(t).
-12
Let n(y) = y + 11. Let j(b) = -b - 11. Suppose -5*k - 3 + 18 = 0. Let v(h) = k*j(h) + 2*n(h). Calculate v(-8).
-3
Suppose -2*s - 2*s = -8. Let z(g) be the second derivative of 4*g**3/3 + g**2/2 - 594*g. Determine z(s).
17
Let z(l) = -1 - 5 + 0*l + 4*l + l + 0. Determine z(6).
24
Let r = -10 - -215. Let w(z) = 102*z + 1 - r*z + 2*z**3 + 2*z**2 + 101*z. Give w(1).
3
Let o(x) = -x + 2. Let y(h) = -h**3 + 10*h**2 - 17*h + 8. Let k be y(8). Let r(a) = a**2 + 7*a. Let c be r(-7). Suppose k = -c*s - s + 6. Give o(s).
-4
Let h = -1 + 3. Suppose 2*u - 10 = -0*o - 3*o, 0 = -h*o - 4*u + 4. Let x(r) = -10*r + 19*r - o - 10*r - 3. What is x(-5)?
-2
Let j(a) = -a**3 - 5*a**2 - 2*a + 4. Let l be 2 - (-5 + 3) - (-9)/(-3). Let c be 1 - (3 - 2 - l) - 5. What is j(c)?
-4
Let s be -1 + -3 - (15 - -15). Let f = -27 - s. Let a = f - 2. Let k(r) = r**3 - 5*r**2 - 5. What is k(a)?
-5
Let i(d) = -d + 11. Let j(l) = l + 1. Let g(x) = i(x) - 2*j(x). Determine g(6).
-9
Let u(k) = 15*k + 19*k - 54*k + 1 + 18*k - 6. Suppose 0 = 3*d - 3 - 9. Determine u(d).
-13
Let a(q) = q + 7. Let i be (3/(-4))/((-30)/(-100))*-2. Suppose -3*l + i*l = -2, 2*r = l - 7. Give a(r).
3
Let z(o) = -o**2 + 1 + 0 + 2*o**2. Suppose d + 4*a = 5*d - 24, 3*d - 28 = 5*a. Determine z(d).
2
Let h(w) = w**3 - 5*w**2 - 7*w + 8. Let b be h(6). Let u(t) = t**3 + 0*t + 2 - 9*t - 4*t**b + 2*t. Let y be (3 - (0 + -1)) + (-1)/(-1). Give u(y).
-8
Let q(j) = 7*j + 19. Let a(l) = 3*l + 7. Let k(n) = 8*a(n) - 3*q(n). What is k(-2)?
-7
Let l(q) = -q + 5. Let k = -317 + 192. Let h = -119 - k. Determine l(h).
-1
Let x = 20 - 14. Let k = x - 11. Let j = -9 - k. Let t(h) = -h**3 - 3*h**2 - 5. Determine t(j).
11
Suppose 0 = 3*t - 9 - 6. Let d(b) = 5*b - 15*b**2 + 14*b**2 - t - 1. Let w be (2/(-2))/(1/(-5)). What is d(w)?
-6
Let m(c) = 2*c**2 - 9*c + 2. Let z be 14/3*15/10. What is m(z)?
37
Let f = 167 - 167. Let j(d) = -6*d**2 + 16*d - 91. Let v(u) = -u**2 + 3*u - 18. Let l(h) = 2*j(h) - 11*v(h). Determine l(f).
16
Let x(d) be the first derivative of -d**3/3 + 2*d**2 - 4*d + 3588. Let c = -4 - -6. Suppose c*l = 3*o + 14, o + 0*o - 18 = -5*l. What is x(l)?
-4
Suppose -50*x = -49*x - 4. Let r(w) be the third derivative of 0*w + 0 + 1/60*w**5 - 8*w**2 + 0*w**x - 5/6*w**3. Determine r(-4).
11
Let d(k) = -k**2 - 2 + 10*k - 5 + 6. Let n(y) = y**2 - 11*y. Suppose -3*c + 8 = -q, -2*q = 2*q + 5*c - 36. Let t(z) = q*n(z) + 5*d(z). What is t(6)?
-5
Let d(g) = -8*g**2 + 5*g - 1. Let h(b) = 9*b**2 - 4*b + 1. Suppose 9*y - 1 = -28. Let t(c) = y*d(c) - 4*h(c). Give t(1).
-12
Let m(a) = 4*a + 8. Suppose u + 0*u - 29 = 5*j, -2*u = 4*j + 26. Give m(j).
-16
Let n(b) = 31*b**3 + 2*b**2 - 2*b + 1. Let d be ((-92)/24 - -4)*(11 + -5). Calculate n(d).
32
Let q(y) = y**2 - 8*y + 2. Let b = -278 - -286. Determine q(b).
2
Let p(f) = 8*f - 6. Let w(z) = 3*z - 2. Let r(c) = -4*p(c) + 11*w(c). Let o = -11 + 15. Let x be (-3)/(-12) + 19/o. Determine r(x).
7
Let g(y) = -6*y - 2. Let p = -25 - -25. Let b be (3/12*p)/(-1). Let z = -2 + b. Calculate g(z).
10
Let u(c) = 3*c - 27. Let k be u(11). Let z(v) be the first derivative of v**2/2 - 4*v - 9. What is z(k)?
2
Suppose 42 = -10*f - 8. Let p(k) = -k**3 - 6*k**2 - 6*k - 1. Calculate p(f).
4
Let a(s) be the first derivative of s**3/3 - 9*s**2/2 - 11*s + 61. What is a(11)?
11
Let f(j) = j + 7. Let s be f(-9). Let z = 2 - s. Suppose 0*d - 20 = -z*d, 2*u + 3*d = 5. Let l(b) = b**3 + 6*b**2 + 4*b + 5. What is l(u)?
10
Let n(y) = 2*y - 3. Let w(v) = v + 9. Let h be w(-6). Let u(t) = 0*t**2 + t**3 - 4*t**2 - 2*t + 2*t**2. Let j be u(h). Determine n(j).
3
Suppose 27 = 3*q - 6. Let x = q + -11. Let u(s) be the third derivative of -s**5/60 + s**4/24 - s**3/2 - s**2. Determine u(x).
-3
Let y(n) = n**2 + 4*n + 10. Suppose -39*g - 206 = 67. Give y(g).
31
Let g(h) = h**3 + 7*h**2 - 9*h + 1. Let o(q) = 8*q - 8. Let y(x) = 7*x - 9. Let p(m) = 4*o(m) - 5*y(m). Let l be p(7). Calculate g(l).
9
Let c(n) = -9*n - n**2 - 4*n - 2 + 7*n. Determine c(-6).
-2
Let t(h) = 11*h - 11. Let p(j) = 23*j - 24. Let v(q) = 6*p(q) - 13*t(q). Calculate v(-1).
4
Let v(r) = -5*r + 3. Suppose 25 = f + 29. Calculate v(f).
23
Let k = -6 - 0. Let r(b) be the first derivative of b**4/4 + 5*b**3/3 - b**2/2 + 2*b + 3145. Determine r(k).
-28
Let y(z) = -14 + 27*z + z**2 + 23*z - 2 - 58*z. Determine y(9).
-7
Let h(y) = 5*y + 36. Let b be h(-7). Let x(s) be the first derivative of 1/2*s**2 + 5/3*s**3 - b + 0*s. What is x(-1)?
4
Let k(h) = -h - 6. Suppose 0 = 4*l + 2*n - 40, -n = -3*l + 4*n + 43. Suppose 2*o + 4*s = 3*o + 8, -2*o = -3*s + l. Give k(o).
-2
Let n(x) = -61*x + 0*x**2 + 3 + 64*x - x**2. Let h be n(4). Let g(z) = 9*z. Determine g(h).
-9
Let b(c) = 37*c**2 + 49*c + 66. Let z(i) = -13*i**2 - 18*i - 22. Let o(x) = 6*b(x) + 17*z(x). Calculate o(8).
-10
Let n(a) = -4*a**3 + 28*a**2 + 5*a - 10. Let i(t) = 3*t**3 - 19*t**2 - 3*t + 7. Let h(z) = -7*i(z) - 5*n(z). Suppose -g - 3*g = 24. Give h(g).
-11
Let t(k) = 2*k**2 + 8*k - 6. Let b = -139 + 135. Let l be t(b). Let u(g) = -g - 7. Give u(l).
-1
Let f(m) be the second derivative of -m**4/12 - m**3/3 - m**2/2 - m. Suppose 37 = 3*v - 17. Let b be (3/9)/((-3)/v). What is f(b)?
-1
Let p(u) be the second derivative of -5*u - 1/12*u**4 + 0 - 1/6*u**3 - 1/2*u**2. Let a be 2*((-6)/4)/1. Calculate p(a).
-7
Let l(r) = 2*r**2 + 5*r - 7. Let o = 592 + -596. Calculate l(o).
5
Let v(m) = m**3 + 7*m**2 + 10*m - 1. Let g be v(-3). Let n(h) = -5*h + h**2 + 0*h - 1 + 3. Determine n(g).
2
Let b(q) be the first derivative of -2*q**2 + 17*q - 45. Determine b(7).
-11
Let z(k) = -8*k + 21. Let y(m) = 2*m - 7. Let s(p) = 14*y(p) + 4*z(p). Give s(-6).
10
Let p(o) = 35*o + 385. Let m be p(-11). Let d(w) be the second derivative of m + 9*w - 1/2*w**2 - 1/3*w**3. What is d(-4)?
7
Let m(v) be the third derivative of -6*v**2 + 1/6*v**3 + 0 - 1/24*v**4 + 0*v. Calculate m(-6).
7
Let r(k) = k**2 + 2*k + 29. Let x be r(0). Let c = -23 + x. Let y(o) = o**3 - 7*o**2 + 8*o - 9. What is y(c)?
3
Let o(p) = -6*p + 2. Suppose -23*j = -18*j - 25. What is o(j)?
-28
Let r(s) = -s + 10. Let g be r(6). Let d(v) = -5*v - g + 1 - 4*v**2 + 6*v**3 - 5*v**3 + 5. Determine d(5).
2
Let i(a) = -6 - 89*a - 4*a**2 + 86*a - 3*a**3 + 2*a**3. Let u be (3/6 + -1)*8. Calculate i(u).
6
Let z be (2/6)/((-3)/(-27)). Suppose -2*u = -z - 3. Let x(l) = -1 + l - 5 + 2 + u. Determine x(-6).
-7
Let n(y) = 5*y + 10*y**3 - 3*y**3 - 4*y**2 + 4 - 4*y**3 - 4*y**3. Determine n(-5).
4
Let c(n) = -n - 4. Let s be c(-2). Let g(d) = -2 + 14 + d + 0*d**2 - 8 - 5 + 2*d**2. What is g(s)?
5
Suppose 0 = 4*a - 5*z + 7, -3 